r of v and c?
7
Suppose 5*l = -3*c + 7*l + 2, -5*c = -5*l - 10. Let d be (c + 11/(-2))*-4. What is the highest common factor of 330 and d?
30
Suppose m + 3*t = 11, -m - t - 50 = -3*m. Let l(u) = 2*u**2 - 41*u - 43. Let y be l(m). Calculate the highest common factor of y and 16.
8
Let m = 8023 - 7271. What is the greatest common factor of m and 96?
16
Let h = 31 + -28. Suppose w + h*c - 19 + 0 = 0, 2*c = -2*w + 34. Suppose -2*k + w = 14. What is the greatest common factor of k and 4?
1
Let a(j) = -j**2 - 216*j - 254. Let i be a(-98). What is the highest common factor of 156 and i?
78
Let r(a) = -a**3 + 61*a**2 - 455*a - 109. Let n be r(52). Calculate the highest common divisor of 21 and n.
21
Suppose q = 5*y - 12, -2*y - q = -0*q - 2. Let m be 12*(-12 + 185/10). Suppose 4*n - y - m = 0. What is the highest common factor of n and 220?
20
Let g be 19 + (-728)/39 - 404/(-3). What is the highest common factor of g and 6255?
45
Let r = 296 - -152. Let g = 6273 - 6217. Calculate the highest common divisor of r and g.
56
Suppose -659*x = -644*x - 121695. What is the highest common factor of x and 28?
7
Let x = -43 - -77. Let m(o) = 8*o + 20. Suppose -3*g = -3*j + 57, 5*g - 24 = -4. Let b be m(j). What is the highest common divisor of b and x?
34
Let o be 27/9*(5/3 + 0). Suppose -8 = -o*s - 3. Let h be s/1*(48 + -6). Calculate the greatest common factor of h and 14.
14
Suppose 0 = -5*y - 3*z + 591, -16*z + 21*z = -15. Suppose 2*l + 3*w + 0*w = 81, -w = 5. What is the highest common divisor of y and l?
24
Suppose -945*n + 891*n = -68796. Let u(l) = l**3 + l + 91. Let t be u(0). What is the greatest common factor of n and t?
91
Suppose 359 = -3*o + 92. Let f = o + 439. What is the greatest common factor of f and 50?
50
Suppose 15*v + 36*v + 22*v - 332369 = 0. What is the greatest common divisor of v and 58?
29
Let y be 1*-1*(-76)/(-4). Let a = y - -24. Let m = 62 - 52. Calculate the greatest common divisor of m and a.
5
Let m be 29/((-290)/120) + 102. Calculate the greatest common factor of m and 72.
18
Let y = -23665 - -38064. Calculate the highest common divisor of y and 77.
77
Let k = -2 + 7. Let t(f) = -f**3 + 10*f**2 + 2*f. Let d be t(k). Let a = -2276 + 2306. What is the greatest common factor of d and a?
15
Suppose -49 - 29 = -6*z. Suppose 43 = -g + z. Let i be g/(-4)*576/40. What is the greatest common divisor of 12 and i?
12
Suppose 4*z = -4*k + 656, 0 = 4*z + 415 - 411. Suppose a = -2*a + 3*l + 33, 38 = 4*a + 2*l. Let s = a - -5. Calculate the highest common factor of s and k.
15
Suppose -229 = 43*o - 3712. What is the greatest common divisor of 6129 and o?
27
Let d be (4/15*18)/(501/16700). Let m(y) = -9*y + 3. Let l be m(-3). Calculate the highest common factor of l and d.
10
Suppose 58*f - 2913 = 5116 + 1367. Calculate the greatest common divisor of f and 423.
9
Suppose 3*w + p + 2*p = 33, -19 = -3*w + 4*p. Suppose -12*j + 6 = -w*j. Let l be j/(-5)*(5 + -65). What is the highest common divisor of 8 and l?
8
Let w(k) = 3*k + 15. Let l be w(-8). Let n(r) = 2*r**3 + 20*r**2 + 14*r - 12. Let s be n(l). Let y = 11 + s. Calculate the greatest common divisor of 7 and y.
7
Let t = -13 - -20. Let m be (-46)/230 - (-1)/(5/96). Suppose -5*g - 9 = -m. Calculate the highest common divisor of t and g.
1
Let n(l) = 75*l**2 - 3 + 95*l**2 + l**3 - 149*l**2 + 0*l**3 + 16*l. Let g be n(-20). Calculate the highest common divisor of 22 and g.
11
Suppose 0 = -28*t + 32*t - j - 100, 48 = 2*t - j. Let h be t/(-247) - (-230)/19. What is the highest common factor of h and 52?
4
Let x be (-3 - 0) + -2 + 28. Let d = -18 + x. Suppose u - 270 = -d*u. Calculate the greatest common divisor of 30 and u.
15
Let s(r) = r**2 + 11*r + 13. Suppose 4*m + 0 = -4, -4*d + 4*m - 40 = 0. Let f be s(d). What is the highest common factor of 455 and f?
13
Suppose -3*q + 148 = 2*n, 4*q + 416 = 8*q + 30*n. Calculate the highest common factor of 2332 and q.
44
Let z = 86 - 84. Suppose -5*i - z + 62 = 2*x, -3*i = -x + 30. Suppose -4*a + 109 = -91. Calculate the greatest common divisor of x and a.
10
Let w be ((-14)/(-21))/((-16)/(-7032)). Suppose -2*x = 3*n - w - 68, -5*x + 5*n + 915 = 0. Calculate the greatest common divisor of x and 26.
26
Let f = 23597 + -6934. What is the highest common divisor of 19 and f?
19
Let u(x) = -777*x - 33356. Let y be u(-43). Let m(k) = 2*k - 9. Let a be m(7). Calculate the greatest common factor of a and y.
5
Let f be (575*8/60)/((-1)/(-3)). Let i = f - 224. Calculate the highest common divisor of 8 and i.
2
Let w(i) = 9*i**2 - 243*i + 23. Let n be w(27). Calculate the greatest common divisor of 69 and n.
23
Suppose -u = 5*d - 164, -7*d = -8*d + u + 34. Suppose 0 = 34*x - d - 647. What is the greatest common divisor of x and 36?
4
Suppose 0 = -10*t - 12 + 32. Suppose 0 = 2*q + t*o + 30, 3*o + 1 = -2. Let h be (-2 + q)/((-18)/117). Calculate the highest common factor of 52 and h.
52
Let w = -458 - -252. Let h = 334 + w. What is the greatest common divisor of 24 and h?
8
Let i be (68/(-3))/(4/(-66)). Let w be 11/((29 + -14)/30). Calculate the highest common factor of i and w.
22
Let r = -196 - -153. Let a(p) = -12*p - 318. Let l be a(r). Calculate the greatest common divisor of l and 22.
22
Suppose 33*w - 54057 - 6283 = 18761. Calculate the greatest common divisor of w and 663.
51
Suppose 8 = 4*g - 8, -4*d - 5*g = -188. Suppose 4*s + w = -w - d, 0 = -2*s + 5*w - 39. Let r = s + 23. What is the highest common factor of r and 22?
11
Let m = 365 + -1154. Let v = m + 858. Calculate the greatest common factor of 9 and v.
3
Let k = 151 - 151. Suppose k = -70*o + 53*o + 646. Calculate the highest common factor of 247 and o.
19
Let p be (-796)/28 - 3 - (-76)/(-133). Let l be (26 + 0)*(33 + p). Calculate the greatest common divisor of 26 and l.
26
Suppose -13*m + 28*m - 5100 = 0. What is the greatest common factor of 51 and m?
17
Let f(k) = -9 + 13*k**2 + 9 + 3*k + 15 + k**3 + 40. Let q be f(-13). Calculate the greatest common divisor of q and 4.
4
Let f be (3/(-2))/(((-180)/(-784))/(-15)). Suppose -2*q + 380 = -600. What is the greatest common divisor of q and f?
98
Let y = 114 + -91. Let o(i) = -2*i**3 - 4*i + 1. Let t be o(-2). Suppose 209 = 2*a + t. What is the greatest common divisor of y and a?
23
Suppose -b - 3*b - 5*w + 449 = 0, 5*b - 571 = -3*w. Suppose -4*g + p + 816 = 0, -4*g = 3*p - 70 - 730. What is the greatest common divisor of b and g?
29
Let i(x) = x**3 + 3*x - 8. Suppose 3*r - 4 = j, 5 = 4*r - j - 1. Let g be i(r). Calculate the highest common divisor of g and 54.
6
Let b = -523 - -675. Let w be 41 - (-8 + 4 - -7). Calculate the greatest common divisor of b and w.
38
Suppose 0 = -5*v - 0*n - 4*n + 20, -n + 5 = 0. Let w(x) = 21*x + 18. Let i be w(v). Calculate the greatest common divisor of i and 576.
18
Let o(l) = -2 + 17*l**2 + l**3 - 74*l + 34*l - 11. Let k be o(-19). Let b = 42 + -27. Calculate the highest common factor of b and k.
5
Suppose 45995*o - 46002*o + 31486 = 0. Calculate the greatest common divisor of o and 65.
13
Let g be 18/8 + 1/(-4). Let h be (-4)/((-8)/5)*-18*(-30)/675. Calculate the greatest common divisor of g and h.
2
Let h = 140 + -52. Let n(w) = -5*w - 5. Let j be n(-2). Let r be (j/15)/((-4)/(-96)). Calculate the greatest common factor of r and h.
8
Let a(v) = 296*v**2 + 58*v - 66. Let r be a(-6). Calculate the greatest common divisor of r and 126.
18
Let s be 4/8 + (-66)/(-4). Let v be (0 - -1)*(5 + s). Let d = v - -24. What is the highest common factor of d and 115?
23
Suppose -61*g = -91 - 1007. What is the highest common factor of g and 2907?
9
Let w = -50 + 88. Let a = -417 - -435. Let p(c) = 11*c - 160. Let l be p(a). Calculate the greatest common divisor of l and w.
38
Suppose z = 9 - 10, -2*k + 14258 = 2*z. What is the highest common factor of k and 460?
230
Let c = 5826 + -5811. Calculate the highest common divisor of 3555 and c.
15
Suppose -3*f + 106 = 7. Suppose -34*k + f*k = -672. What is the greatest common factor of 21 and k?
21
Let r = -146 + 242. Let m = -2 - -26. What is the greatest common divisor of m and r?
24
Let j = 29 + -26. Let i = 9 - 97. Let c = 109 + i. What is the highest common factor of c and j?
3
Suppose 1201 = -16*r + 17*r + 2*l, -1195 = -r - 4*l. Calculate the greatest common factor of 17 a